ase 7.
-314430
Convert -334053 (base 7) to base 12.
-2a1b6
Convert 2001222 (base 3) to base 12.
a5b
What is 111111011001100 (base 2) in base 10?
32460
697 (base 11) to base 6
3504
What is -949 (base 11) in base 9?
-1508
Convert 669a (base 11) to base 10.
8821
What is -12333 (base 4) in base 10?
-447
What is 7367 (base 9) in base 4?
1110133
Convert 24 (base 6) to base 13.
13
What is -2833 (base 14) in base 11?
-5376
What is -296d (base 15) in base 4?
-2022232
What is 20044 (base 7) in base 14?
1a94
What is -432020 (base 5) in base 9?
-22061
What is -1281 (base 10) in base 12?
-8a9
20322 (base 8) to base 6
102522
-21b7 (base 14) to base 9
-8014
What is 5629 (base 10) in base 2?
1010111111101
b8a (base 13) to base 15
8b8
What is 16773 (base 9) in base 2?
10110100110000
What is 3b2 (base 12) in base 4?
20312
What is 5b9 (base 12) in base 2?
1101011101
12b (base 15) to base 7
530
What is 73727 (base 8) in base 16?
77d7
Convert 201021 (base 4) to base 5.
31441
490a (base 14) to base 10
12750
-1036 (base 8) to base 12
-392
Convert -2209 (base 13) to base 16.
-1285
21835 (base 12) to base 10
44393
-3813 (base 12) to base 4
-1203033
What is 43 (base 16) in base 12?
57
Convert 2199 (base 14) to base 2.
1011010111011
-214141 (base 6) to base 13
-8122
-10a04 (base 15) to base 5
-3143004
What is 2 (base 4) in base 9?
2
What is 5578 (base 13) in base 6?
131121
3173 (base 10) to base 14
1229
Convert 3034 (base 10) to base 5.
44114
-1001001 (base 3) to base 6
-3301
101101 (base 2) to base 8
55
What is -501515 (base 7) in base 4?
-110222123
What is a33 (base 11) in base 6?
5434
What is -13201 (base 5) in base 3?
-1102221
Convert 1011031 (base 6) to base 3.
2110002201
294 (base 15) to base 8
1115
815 (base 9) to base 2
1010010110
848 (base 9) to base 7
2006
-52866 (base 9) to base 6
-425523
What is 181 (base 16) in base 8?
601
Convert 43242 (base 5) to base 3.
11001011
What is -107b9 (base 12) in base 7?
-120543
780 (base 12) to base 4
101100
-209 (base 13) to base 15
-182
What is -11020112 (base 3) in base 16?
-c14
364 (base 13) to base 3
210211
What is -2212 (base 3) in base 9?
-85
Convert -2354 (base 8) to base 12.
-890
-26404 (base 7) to base 12
-4104
What is 121 (base 3) in base 16?
10
Convert -10111013 (base 4) to base 10.
-17735
34271 (base 11) to base 16
c19f
What is -23a9 (base 13) in base 7?
-20460
Convert 2c18 (base 13) to base 15.
1d98
-6595 (base 11) to base 3
-102221001
Convert 11111133 (base 4) to base 16.
555f
Convert -144 (base 9) to base 13.
-94
Convert 2a5b (base 13) to base 2.
1100000010000
What is 134143 (base 5) in base 13?
26aa
Convert -5483 (base 10) to base 12.
-320b
What is 1405 (base 13) in base 3?
10221121
What is 3b1 (base 12) in base 6?
2341
What is 1801 (base 9) in base 15?
61d
What is -3142 (base 5) in base 9?
-518
111112220 (base 3) to base 10
9879
What is -4503 (base 7) in base 8?
-3124
3279 (base 11) to base 15
1431
What is -471 (base 14) in base 13?
-52c
-42a (base 14) to base 6
-3450
-1022212 (base 4) to base 2
-1001010100110
2764 (base 13) to base 7
22333
What is -2012 (base 15) in base 3?
-100021122
Convert -504243 (base 6) to base 11.
-27a31
-104b (base 12) to base 2
-11011111011
-1322200 (base 4) to base 14
-2c00
4a9b (base 13) to base 9
15484
Convert 303 (base 5) to base 4.
1032
Convert 247bc (base 13) to base 2.
10000011010110000
Convert 101000101111001 (base 2) to base 7.
114544
What is 101111101011 (base 2) in base 11?
2324
63b (base 13) to base 5
13224
What is -135d (base 15) in base 10?
-4138
What is 10110011000 (base 2) in base 9?
1861
Convert -10202002 (base 4) to base 14.
-6a9c
Convert -1011300 (base 4) to base 14.
-18ac
935 (base 15) to base 5
31300
Convert 20224 (base 5) to base 15.
5c9
Convert -861 (base 11) to base 12.
-723
What is -47254 (base 8) in base 3?
-1000121221
-8626 (base 14) to base 16
-5a7a
-1020210 (base 3) to base 16
-390
Convert 1132222 (base 4) to base 13.
29b0
What is -204144 (base 5) in base 10?
-6799
-5221 (base 9) to base 16
-ef2
-103 (base 11) to base 2
-1111100
-6ab (base 12) to base 8
-1743
-12099 (base 12) to base 4
-11323311
-6a69 (base 13) to base 4
-3221233
Convert f4e5 (base 16) to base 6.
1202125
Convert -35463 (base 7) to base 10.
-9159
2212112 (base 3) to base 4
200231
What is 1105300 (base 6) in base 8?
154504
Convert -104521 (base 7) to base 9.
-27257
Convert 1b03 (base 13) to base 16.
fdb
15 (base 15) to base 6
32
-1101100111010011 (base 2) to base 9
-84438
What is -1111011 (base 2) in base 3?
-11120
453 (base 7) to base 3
22200
What is 741 (base 8) in base 2?
111100001
-1b6 (base 15) to base 9
-480
What is -124 (base 9) in base 4?
-1213
Convert 76 (base 15) to base 14.
7d
-115b6 (base 12) to base 6
-255550
What is -821 (base 13) in base 15?
-61e
Convert 3144 (base 7) to base 14.
594
-37567 (base 9) to base 8
-61244
Convert 364a7 (base 11) to base 16.
cd1e
10001 (base 6) to base 3
1210001
What is -272 (base 12) in base 14?
-1ca
Convert -31023 (base 4) to base 10.
-843
Convert -1030 (base 10) to base 3.
-1102011
10860 (base 11) to base 7
63462
Convert -466 (base 12) to base 9.
-806
What is -100011100000 (base 2) in base 9?
-3104
5263 (base 10) to base 9
7187
Convert 67a6 (base 11) to base 13.
40c5
Convert -16125 (base 8) to base 7.
-30101
Convert 2475 (base 11) to base 5.
100403
-2011100221 (base 3) to base 11
-29a72
Convert -2200012 (base 4) to base 16.
-2806
1067 (base 9) to base 11
659
3260 (base 7) to base 15
52e
What is -925 (base 14) in base 2?
-11100000101
Convert -54 (base 9) to base 16.
-31
What is -2407 (base 11) in base 7?
-12123
Convert 1082 (base 10) to base 6.
5002
78 (base 14) to base 11
97
What is -445 (base 10) in base 4?
-12331
Convert -8504 (base 10) to base 7.
-33536
What is 1202401 (base 5) in base 8?
53322
What is 104d (base 15) in base 5?
102243
-7695 (base 14) to base 13
-9451
What is 27673 (base 8) in base 9?
17676
-3331313 (base 4) to base 11
-11230
Convert -136 (base 13) to base 10.
-214
Convert -78 (base 14) to base 13.
-82
-1b6 (base 13) to base 8
-476
-11110101010 (base 2) to base 9
-2620
Convert deb6 (base 16) to base 7.
325136
Convert -14242 (base 8) to base 11.
-4813
Convert 1123220 (base 4) to base 9.
8035
-177 (base 13) to base 2
-100001011
What is -281 (base 10) in base 4?
-10121
34443 (base 5) to base 4
213002
Convert -56066 (base 9) to base 6.
-444223
Convert 4143 (base 5) to base 3.
202022
Convert 42645 (base 8) to base 16.
45a5
What is -1542 (base 6) in base 5?
-3142
What is -681 (base 9) in base 6?
-2331
What is 1027 (base 9) in base 12?
52a
Convert 29581 (base 10) to base 2.
111001110001101
What is 10100001 (base 2) in base 5?
1121
What is 1244 (base 6) in base 4?
10330
-a28 (base 14) to base 16
-7cc
What is -6030 (base 12) in base 9?
-15240
155401 (base 6) to base 11
106a4
What is -3a9 (base 16) in base 10?
-937
Convert 1e3 (base 16) to base 4.
13203
What is 232 (base 12) in base 2?
101000110
Convert 5d (base 15) to base 10.
88
Convert -159a (base 15) to base 11.
-3543
Convert 1122101222 (base 3) to base 2.
111111001110100
Convert 40276 (base 10) to base 6.
510244
-56014 (base 10) to base 12
-284ba
-11783 (base 14) to base 9
-64445
Convert 483b (base 14) to base 16.
3135
What is 20223 (base 4) in base 2?
1000101011
Convert -49c (base 13) to base 11.
-672
-47706 (base 11) to base 5
-4144414
What is 2641 (base 12) in base 3?
12222211
What is 20 (base 3) in base 2?
110
What is 861 (base 9) in base 2?
1010111111
What is -14055 (base 6) in base 2?
-100010010011
Convert 390 (base 12) to base 2.
1000011100
Convert 873c (base 14) to base 11.
16623
c20 (base 14) to base 6
15004
-201022011 (base 3) to base 5
-422241
44521 (base 8) to base 16
4951
-3c3 (base 16) to base 11
-7a6
What is -10046 (base 12) in base 15?
-6260
What is 585 (base 10) in base 4?
21021
Convert -1211201212 (base 3) to base 10.
-36257
Convert -1157 (base 11) to base 14.
-7a2
Convert 1a56 (base 16) to base 14.
2658
Convert -234 (base 14) to base 7.
-1164
Convert -5fa7 (base 16) to base 11.
-17441
What is 22226 (base 7) in base 4?
1113212
Convert -8e5c (base 15) to base 8.
-73035
114 (base 15) to base 16
f4
Convert 4140 (base 5) to base 3.
202012
Convert -375 (base 8) to base 6.
-1101
-1313 (base 11) to base 6
-11524
Convert -40622 (base 8) to base 16.
-4192
113 (base 15